ivided by k(-14)?
41
Suppose 4*s = -4*t + 76, s + 2 = 5*t - 15. Suppose 194 + 6 = 5*z. Calculate the remainder when z is divided by s.
1
Let p = 192 + -186. Calculate the remainder when 29 is divided by 2/(12/54)*10/p.
14
Let t = -101 + 189. Suppose q - 2*h + t = 3*q, -3*q + 134 = 4*h. What is the remainder when 250 is divided by q?
40
Suppose -10 = -j + 19. Suppose -v - 6 = 2*w, 0 = -v + 3*w - w + 10. Suppose m = 4*m, -16 = -v*d - m. Calculate the remainder when j is divided by d.
5
Let z be 0 - 2/6 - 2/3. Calculate the remainder when (2/4)/(z*6/(-1512)) is divided by 43.
40
Suppose -46*t - 24*t - 6*t + 3040 = 0. What is the remainder when 580 is divided by t?
20
Let w = 17264 - 17259. Suppose i - 6*i + 20 = 0. Suppose -i*r + 7 = -21. Calculate the remainder when r is divided by w.
2
Suppose -1971*p + 1945*p = -1352. What is the remainder when 631 is divided by p?
7
Calculate the remainder when 176 is divided by -9*10/(-15) + (20 - -4).
26
Let z = -485 + 545. Suppose 0 = 33*c - 37*c + 12. What is the remainder when z is divided by c?
0
Let k(v) = 2*v**2 + 10*v + 14. Let j = -120 + 112. Calculate the remainder when k(j) is divided by 206/10 - 6/(-15).
20
Let y = -18 - -15. Let r be ((-45)/(-10))/y*-48. Suppose 0*h - r = -3*h. Calculate the remainder when 94 is divided by h.
22
Let q(y) = 10*y - 1. Let i be q(-8). Let w = i + 116. Suppose w + 101 = 2*r. Calculate the remainder when r is divided by 14.
12
Let q be (48/(-15))/(8/(-20)*-1). Let k(u) = u**2 - 3*u - 3. Let x be k(-2). Calculate the remainder when (q + x)*(1 - 20) is divided by 4.
3
Suppose -48*v + 68051 = -87953 + 43204. Calculate the remainder when v is divided by 236.
226
Suppose -3*o + o = 5*p + 73, 3*p - 3*o + 27 = 0. Let g(j) = -8*j - 73. What is the remainder when g(p) is divided by 5?
1
Let n(w) = 3*w**3 + w**2 + 12*w - 17. Let x be n(4). Let f = x + -194. What is the remainder when 223 is divided by f?
43
Suppose -188 = 5*r + 3*i, 2*i + i - 108 = 3*r. What is the remainder when -2*r*(1 + 1) is divided by 30?
28
Let y(o) = 5*o + 2. Let h = 41780 + -41777. What is the remainder when y(3) is divided by h?
2
Let s(r) = 741*r + 5617. What is the remainder when 7656 is divided by s(-5)?
8
Suppose 0*l = 7*l - 21. Let z(r) = 6*r**2 - 10*r + 9. What is the remainder when z(l) is divided by 12?
9
Let a(t) = t**2 + 15*t + 31. Calculate the remainder when 344 is divided by a(-16).
15
Let a(v) = 12*v**2 + v. Let i = -17 + 22. Suppose 7*t - i = 44. Calculate the remainder when a(-2) is divided by t.
4
Suppose 5*p + 670 = 5*d, 2*d + d + 3 = 0. Let i = p - -242. Let f(l) = 4*l**2 + 22*l + 61. What is the remainder when i is divided by f(-4)?
33
Let q(i) = i - 4. Let d be 12/(-2 + 5) + (-17 - -5). Calculate the remainder when 2 - -10*(d/5 - -2) is divided by q(6).
0
Let m be (-1 - 5) + (-2 - -4). Calculate the remainder when (-2 + 8)/((-1)/m) is divided by 12338/930 + 8/(-30).
11
Let v(j) = 7*j + 1. Let g(y) = 55*y + 10. Let r(l) = -3*g(l) + 25*v(l). Let p = -14 + 24. What is the remainder when r(5) is divided by p?
5
Let a be ((-3)/9)/((-3)/126). Suppose 0 = 5*z - 4*q - 34, -2*q - 10 = -3*z + 10. Let r = a - z. Calculate the remainder when 23 is divided by r.
7
Let h(b) = 46*b - 54. Let f(y) = -y**3 + y**2 + 5*y + 7. Let j be f(3). Calculate the remainder when h(j) is divided by 19.
16
Let y be (-11)/(-4) + (3/(-4))/(-3). Let s = 32 - y. Let l = 4 + s. What is the remainder when l is divided by 9?
6
Let d(h) = 20*h - 112. Let r be d(9). Let z = r - 56. What is the remainder when 23 is divided by z?
11
Let f(w) = -w**3 - 55*w**2 - 392*w + 8. Calculate the remainder when f(-8) is divided by 73.
63
Let o(c) = c**3 + 14*c**2 + 12*c - 166. Suppose -7*t + 31 = -32. What is the remainder when o(-11) is divided by t?
2
Let l(k) = -5*k**3 - k - 1. Suppose -1334 = -155*y + 1611. What is the remainder when l(-2) is divided by y?
3
What is the remainder when 969 is divided by (8/5)/((-110)/275) + 10?
3
Suppose -505 = -6*u - j - 50, 5*u - 2*j - 399 = 0. Calculate the remainder when 2041 is divided by u.
39
Suppose 0 = -2*t + 295 - 837. Let m = -187 - t. Calculate the remainder when 416 is divided by m.
80
Let p(m) = -29*m + 1479. Calculate the remainder when p(37) is divided by 396.
10
Suppose 5*q = 116 - 1. Let z(p) be the first derivative of p**2 + 8*p + 8. What is the remainder when q is divided by z(0)?
7
Let s(d) = d**2 - 5*d - 8. Let t be s(-17). Let v = t + -653. Let b = -68 - v. Calculate the remainder when b is divided by 55.
54
Let i = 23 - -104. Suppose 133 = -928*f + 935*f. Suppose f*w - 71*w = -2236. Calculate the remainder when i is divided by w.
41
Let s = -68 + 73. Suppose 0 = v - 2*q + s, -3*v - 4*q + 15 = 0. Calculate the remainder when (v + -3)/(16/(-456)) is divided by 12.
9
Let l = 45 - 26. Calculate the remainder when (14/3)/((-210)/(-4230)) is divided by l.
18
Suppose 549*l = 551*l - 32. Let b(n) = -n**3 - 8*n**2 - 13*n - 11. Suppose 4*w + 38 - 6 = 0. What is the remainder when b(w) is divided by l?
13
Suppose -7*j - 9*j - 14450 = -50*j. What is the remainder when j is divided by 60?
5
Let i(r) = r**3 - 6*r**2 + 3*r + 55. Let m be i(7). Suppose m = 2*v + 27. Calculate the remainder when v is divided by 29.
20
Let p(c) = -c**3 - 67*c**2 - 194*c + 55. Let k be p(-64). Let u be (-2)/((-10)/6 + 1). Suppose -u*b = 21 - k. Calculate the remainder when b is divided by 19.
16
Suppose -40*w = -5*a - 38*w + 1454, -4*w = 2*a - 596. What is the remainder when a is divided by 141?
10
Let d(w) = -w**3 - 3*w**2 - 84*w - 392. Calculate the remainder when d(-6) is divided by 81.
58
Let g be (-2 + (1 - 2))*(-1092)/13. Suppose -3*b = -84 - g. Calculate the remainder when b is divided by 19.
17
Let x(s) = -7*s**2 + s + 23. Let h be x(0). Suppose 4*k - 2214 = -h*k. What is the remainder when k is divided by 21?
19
Calculate the remainder when (3 + (-18045)/(-25))/(3/10) is divided by 5.
1
Let b(h) = h**3 + 33*h**2 - 2*h - 60. Let q be b(-33). Suppose 0 = -5*w - 3*j + 35, 4*w + 4*j + 14 = q*w. What is the remainder when 53 is divided by w?
4
What is the remainder when (-7216)/((-187)/17) - 4 is divided by 112?
92
Let m(u) = 4*u**2 + 5*u - 10. What is the remainder when m(-7) is divided by 21?
4
Suppose -49 = 19*n - 239. Suppose 19 = n*m - 11. What is the remainder when 3 is divided by m?
0
Suppose 14*r - 3186 = 19*r - 4*l, 2*r = -4*l - 1280. Let m = -634 - r. Calculate the remainder when 38 is divided by m.
2
Let p(s) = -7*s + 144. Let d be p(20). Calculate the remainder when 357 is divided by d/(-6)*(3 - (-12 + 60)).
27
Suppose 19240 + 16220 = -30*t. What is the remainder when 40/80 + t/(-4) is divided by 99?
98
Suppose 83985 = 2911*c - 2856*c. Calculate the remainder when c is divided by 34.
31
Let z = 7450 - 7441. What is the remainder when 4103 is divided by z?
8
Let w(k) = 2*k**2 - 16*k - 9. Let v be w(6). Let b = v - 134. Let y = b + 292. Calculate the remainder when y is divided by 21.
20
Let s = 3307 + -3337. Let a(g) = -45*g + 1. Let u be a(1). Let q = s - u. Calculate the remainder when 41 is divided by q.
13
Suppose -s - 4 = -3*s. Suppose p + 11 = s*j - 2*p, 7 = -5*j - 4*p. What is the remainder when 0/(12/(-4)) - j*-37 is divided by 11?
4
Let y(u) = u**2 + 7*u + 10. Let g be y(-6). Suppose g*d = d. Suppose -5*i + 2*n + 47 = 0, -2*i + 5*n + d = -2. What is the remainder when 54 is divided by i?
10
Let b(o) = -o**2 - 15*o + 35. Let f be b(-17). What is the remainder when 107 is divided by 10 + 27 + f + 0?
31
Suppose 16978 - 28529 + 835648 = 159*y. Calculate the remainder when y is divided by 75.
8
Let l(a) = 7*a**2 + 8*a + 10. What is the remainder when l(-5) is divided by (0 + 365/25)*5?
72
Let g(p) = p**3 - 5*p**2 - 5*p. Let m be 0 - ((-2)/2 + 3). Let i be 7 + (-2 + -1 - m). Calculate the remainder when 22 is divided by g(i).
4
Suppose 4*i + 1 = -3, 5*i + 37 = 4*b. Suppose 6*u - 257 = -3*l + b*u, 2*l - 4*u - 166 = 0. Let y = -25 + 35. What is the remainder when l is divided by y?
7
Let j(b) = -1090*b + 3292. Calculate the remainder when 4157 is divided by j(3).
21
Let m(f) = -3*f + 13 + 23*f + 37 + 3. What is the remainder when m(2) is divided by 32?
29
Let g(f) = -253*f**3 + f**2 - 2*f - 2. Suppose 4*w = -l + 5*w + 4, 17 = 3*l - 4*w. What is the remainder when g(l) is divided by 86?
8